 Let p = h + -12. What are the prime factors of p?
3, 7
What are the prime factors of 21406/28*4/2?
11, 139
Suppose -58994 = -6*a - 20*a. What are the prime factors of a?
2269
Let r(n) = -n + 1. Let i(l) = -33*l - 70. Let a(s) = i(s) + 5*r(s). List the prime factors of a(-8).
239
Suppose 8*t = 3*t - 4*s + 191, -5*s = -20. Let p be (-420)/24 - (-3)/6. Let h = p + t. List the prime factors of h.
2, 3
Suppose 2*k + 0 = 16. Suppose -a + 66 - k = 0. List the prime factors of a.
2, 29
Let z = 68 + -61. Let f(r) = 3*r**2 - 14*r + 1. What are the prime factors of f(z)?
2, 5
Let r(t) = 13*t**2 + 2*t - 6. Let a(j) = 14*j**2 - 7. Let n(v) = -4*a(v) + 5*r(v). What are the prime factors of n(4)?
2, 7, 13
Let g(w) = -w**2 - 7*w - 8. Let s be g(-3). List the prime factors of 0 + 13 + -2 + s.
3, 5
Let i(l) = -l**3 + 7*l**2 + 2*l + 6. Let t be i(6). What are the prime factors of -183*12/t*-3?
2, 61
Let q = 13 - 10. Suppose -q*j + 63 = 3*r - 0*r, -2*j - 58 = -2*r. List the prime factors of r.
5
Let s be 3 + -1 + 6 + -4. Suppose 2*b + 0*b + 16 = -4*o, 0 = -s*b + 3*o - 10. List the prime factors of (-3 - 208/b)*1.
7
Let c(r) = 2*r - 11. Let k be c(-9). List the prime factors of 28/(-7)*k/2.
2, 29
Suppose 6*x - 1253 = -x. Let p = -127 + x. What are the prime factors of p?
2, 13
Let z = -7 + 10. Suppose -2*b = b - z. List the prime factors of -6 + 10 + b + 1.
2, 3
Suppose -2*j + 3*j - 16 = 0. Let k be (-30)/(-24)*j*1. Suppose 3*a = 2*w - 3 + 23, 4*a - k = 4*w. List the prime factors of a.
2, 5
Let b(l) be the third derivative of -l**4/24 - 5*l**3/6 + 9*l**2. Let p be b(-7). List the prime factors of (-10)/(-2)*3 - p.
13
Suppose 5*x + 3745 = 8*x + 2*b, 4985 = 4*x + b. List the prime factors of x.
3, 5, 83
Suppose -5*l - 3190 = -5*d, -3*d - d + 2552 = -3*l. What are the prime factors of d?
2, 11, 29
Let w be 52 + (-2)/(-3)*6. Suppose -x + 9 = -w. List the prime factors of x.
5, 13
Let b(i) = -60*i**3 - 4*i**2 - 12*i - 20. List the prime factors of b(-3).
2, 5
Suppose 4*a - 10*a + 36 = 0. List the prime factors of (-3)/a*2 - (-52)/2.
5
Let n(l) = -848*l - 37. What are the prime factors of n(-2)?
3, 7, 79
Suppose 0 = -9*l + 86 - 14. Let b(z) be the second derivative of z**3/3 + 5*z**2 + z. List the prime factors of b(l).
2, 13
Let w(m) = -m + 9 - 2*m + m - m**2 - 7*m. Let n be w(-10). List the prime factors of 17 - (n - 1)/(-2).
2
What are the prime factors of (208/(-728))/(2/(-21490))?
2, 5, 307
Suppose 0 = s - 3*n - 550, -4*s + 3*n + 346 = -1872. What are the prime factors of s?
2, 139
Let n(i) = -i**2 - i + 1. Let r = -20 - -16. Let l(q) = -q**3 - 7*q**2 - 2*q + 2. Let s(b) = r*n(b) + l(b). List the prime factors of s(-4).
2, 3
Suppose -11*t - 3*t = -2632. What are the prime factors of t?
2, 47
Suppose h = -3*g + 288, g - 487 = -3*h + 393. Suppose h = 9*a - 3*a. What are the prime factors of a?
7
Let b(a) be the third derivative of -29*a**4/24 - 7*a**3/6 + 25*a**2. What are the prime factors of b(-2)?
3, 17
Suppose -4*u - 50 = -62. Suppose 0 = -n - 3*n. Suppose n = u*h - h - 28. What are the prime factors of h?
2, 7
Let t(b) = 5*b - 2. Let a be (-4)/(-20) + (-54)/(-5). Suppose -2*u - 1 = -a, 0 = 2*i - 2*u - 4. What are the prime factors of t(i)?
3, 11
Suppose 0 = -3*r + 5*v + 20, 3*r + 22 = -4*v + 33. What are the prime factors of r?
5
Suppose 4*x + 36 = -28. Let b = 21 - 29. List the prime factors of (-2)/x - 87/b.
11
Let n(u) = 2*u**3 - 82*u**2 - 27*u - 84. What are the prime factors of n(42)?
2, 3, 5, 7, 11
Let d be 4 - (7 + -5 - 168). Suppose -2*n - i + d = 0, -i = 2*n - 2*i - 166. What are the prime factors of n?
2, 3, 7
Let c(o) = 4*o**2 + 11*o - 1. Let b(r) = -17*r**2 - 44*r + 5. Let l(a) = 2*b(a) + 9*c(a). What are the prime factors of l(-6)?
7
Let c be (-13)/65 - 16/(-5). Let b be 2 - (-73 + c + -5). Suppose -b = -3*p + 7. What are the prime factors of p?
2, 7
Let t(v) = -v**3 - 6*v**2 - 6*v + 2. What are the prime factors of t(-8)?
2, 89
Suppose j - 3656 = 506. List the prime factors of j.
2, 2081
Suppose 6*n + 108 = -24. Let k = n - -38. What are the prime factors of k?
2
Let g be (798/(-7))/(((-27)/6)/(-3)). Let r = 123 + g. What are the prime factors of r?
47
Let v be (-12 + 0)*70/(-8). What are the prime factors of 21/7 + v/1?
2, 3
Let m(l) = 7*l + 17. Let g be m(10). Suppose -z + g = 2. List the prime factors of z.
5, 17
Suppose -4*c + r = -7083, 2*c + 3*c - 5*r - 8850 = 0. What are the prime factors of c?
7, 11, 23
Let h(n) = n + 3. Let a(r) = r - 3. Let j be a(-1). Let b be h(j). List the prime factors of (-4 - b)/(1/(-7)).
3, 7
Suppose 10*s = -s + 4136. List the prime factors of s.
2, 47
Suppose -b = -5*b - 12. List the prime factors of (b/(-2))/(12/224).
2, 7
Let i(u) = -22*u**3 - 2*u**2 - 2*u - 1. Let a be i(-1). Suppose 0 = 4*b - a + 5. Suppose r = -r + b. List the prime factors of r.
2
Let z = 4963 + -3163. What are the prime factors of z?
2, 3, 5
Let m be 10/(-6) - (-4)/(-3). What are the prime factors of (13/m)/((-4 - 2)/270)?
3, 5, 13
Suppose 3*t + 9 = 4*i, t = 4*i - 15 - 4. Let b(k) = k. Let v(z) = -z**2 - 18*z - 6. Let q(f) = i*b(f) + v(f). List the prime factors of q(-8).
2, 13
Let v = 60 + -28. Let b = v + -25. List the prime factors of b.
7
Suppose 45*u = 49*u - 10396. What are the prime factors of u?
23, 113
Let s = -75 + -69. Let r = -103 - s. Suppose -16 = -d + r. List the prime factors of d.
3, 19
Let l = -36 + 39. Let u(g) = 5*g**3 - 4*g**2 + 6*g + 4. List the prime factors of u(l).
11
Let i(o) = 3*o**3 - 9*o**2 + 6*o - 2. Let v(b) = b**3 + b. Let k(c) = i(c) - 2*v(c). What are the prime factors of k(9)?
2, 17
List the prime factors of 12/(-54)*3*-1026.
2, 3, 19
Let h = 151 - 74. Let l = h + -52. List the prime factors of l.
5
Let c = -1 + -3. Let t(z) = -2*z**3 - 6*z**2 - 7*z - 10. List the prime factors of t(c).
2, 5
Suppose -5*c + 39 = -3*m, 3*c + 3 = 4*m + 22. Suppose 0 = -5*h + c*h - 620. List the prime factors of h.
5, 31
Let w(h) = 4*h**2 - 3*h + 1. Let g be w(-5). Suppose 24*k + 32*k = 18*k. Suppose -3*u + g - 17 = k. List the prime factors of u.
3, 11
Let u(s) = s**2 - 4. Suppose 14 = -2*r + 2. What are the prime factors of u(r)?
2
Let l = 0 - -8. Let j be 95*(-9)/((-180)/l). What are the prime factors of (7/2 - 3)*j?
19
Suppose -8856 = -6*l - 3102. Suppose l = 4*h - b, h - 5*h = -5*b - 971. What are the prime factors of h?
239
Let v(p) = -67*p - 99. What are the prime factors of v(-5)?
2, 59
Let p be (1/3)/(3/18). What are the prime factors of 11*1/p*2?
11
Let b be (4/3)/(12/918). Let c be b/14 - 26/91. Suppose -5*d = k - c, -2*k - d + 22 = d. List the prime factors of k.
2, 3
Let p be (-1)/(3/5)*-3. Let b(d) = d**3 - 3*d**2 - 9. Let z be b(p). Suppose -5*h + 34 = -z. What are the prime factors of h?
3, 5
Let k(g) = 108*g**2 + 16*g - 54. What are the prime factors of k(3)?
2, 3, 7, 23
Let i(s) = -19*s. Let g be i(1). Let b = g - -69. What are the prime factors of b?
2, 5
Let v(t) be the second derivative of -26*t**3/3 + 14*t**2 + 15*t - 1. What are the prime factors of v(-4)?
2, 59
Let s(j) = 12*j - 4. Let a(r) = -r - 1. Let k(o) = a(o) + s(o). What are the prime factors of k(5)?
2, 5
Suppose 2*b = -11*a + 13*a - 1140, -4*b = 5*a - 2877. List the prime factors of a.
3, 191
Suppose 0*d + 8 = 2*d. What are the prime factors of ((-14)/(-4) - d)*-214?
107
Suppose -42*k + 62853 = -k. List the prime factors of k.
3, 7, 73
What are the prime factors of (-15 - (-8 + -2)) + 2*867?
7, 13, 19
Suppose 0 = -4*w - 0*w + 16, q - w = 0. Suppose -55 = -q*i + 129. What are the prime factors of i?
2, 23
Let m(t) be the first derivative of -t**4/4 + 5*t**3 + 15*t**2/2 + 19*t + 4. What are the prime factors of m(16)?
3
Let z(k) = 8*k**2 + 62*k + 12. What are the prime factors of z(-14)?
2, 89
Let o(w) = -7*w + 59. Let b(k) = 3*k - 29. Let h(r) = -5*b(r) - 2*o(r). What are the prime factors of h(12)?
3, 5
Let m = -93 - -98. Suppose -26 = -m*h + 84. What are the prime factors of h?
2, 11
Let u = -168 - -239. Suppose -3*x + 4*o + u = -0*x, -o = x - 33. List the prime factors of x.
29
Suppose x + 3 = 3*j + 25, 5*j - 4*x = -46. What are the prime factors of (j/4)/(18/(-768))?
2
Let y(k) = -k**3 - 18*k**2 + 13*k - 10. Let o be y(-19). Suppose -19*z - o = -21*z. List the prime factors of z.
2, 13
Suppose 157 + 451 = 5*q - y, 4*y = -12. Suppose 